+ (-3)/k is divided by 14.
12
Let y = 8 + -6. Suppose -u + 5*j = -17, y*j - 77 = 5*u - 277. Let s(m) = m**3 - 2*m**2 + 11. What is the remainder when u is divided by s(0)?
9
Suppose -4*z + 53 = 17. Let g(y) = -y**3 + 5*y**2 + 7*y - 3. Suppose v = -0*v + 6. Calculate the remainder when z is divided by g(v).
0
Let r(k) = 3*k - 1. Suppose x - 4*w = -0*x, -5*w = -5. Suppose x*m - 4*j = 40, -m - 3*j = 14 - 4. Calculate the remainder when 40 is divided by r(m).
12
Suppose 2*x - x - 5*h = 80, -4*x = 2*h - 298. Suppose -3*n + x = -3*u, -3*n + u = -0*u - 67. Calculate the remainder when 81 is divided by n.
18
Suppose 6*g + 29 = -31. Let n(x) = -7*x - 7. Let w(f) = 6*f + 8. Let m(q) = -4*n(q) - 5*w(q). Calculate the remainder when 31 is divided by m(g).
7
Suppose 0*s + 52 = 2*s - 2*y, 3*s = -4*y + 71. What is the remainder when s is divided by 9?
7
What is the remainder when 36 is divided by 0 - -4 - 3 - -4?
1
Let n(y) = -3*y**3 + y. Let z be n(-1). Suppose 0 = -3*f + w + 21, 0 = 4*f - 2*w + w - 29. Calculate the remainder when 20 + 0 - (z + -4) is divided by f.
6
Let r be -1 + 3 + -3 - -4. Suppose -l = r*l - 44. What is the remainder when 30 is divided by l?
8
Let b be (-55)/(-20) + (-2)/(-8). Suppose 3*u - a - 5 = 0, b*u - a - 2*a - 3 = 0. Let g = -7 + 12. What is the remainder when g is divided by u?
1
Suppose 2*c + 2*s - 18 = 0, -2*c - 5*s + 19 = -14. Let h(v) = 4*v + v - 3*v. Calculate the remainder when h(c) is divided by 3.
2
Let b(i) = i + 17. Suppose -l = -2*m - 1 - 5, -4*l - 4*m = -12. What is the remainder when b(0) is divided by (7 - 1)/(4/l)?
5
Suppose b - 49 = -3*q + 15, -4*q = 3*b - 87. What is the remainder when q is divided by 6?
3
Calculate the remainder when 84 is divided by 27 + (-4 - -4 - -2).
26
Let p(j) = -3*j - 3. Let b be p(-6). Let m = 14 + b. Suppose 4*l + 13 = 3*q, -3*q - 7*l + 3*l = -m. What is the remainder when q is divided by 4?
3
Suppose -3*o + 2*r + 33 = 0, -2*o + r + 18 = -3. Calculate the remainder when 1/4 - 134/(-8) is divided by o.
8
Suppose 4*g + 48 = 4*n, 0 = -g - 4 + 2. Calculate the remainder when n is divided by 6.
4
Let y(x) = 8 + 2*x - 2*x - x. Let z be y(4). Let r(m) = 2*m - 2. Calculate the remainder when r(z) is divided by 2.
0
Suppose 9*g + 3*w = 5*g + 81, -4*w = -2*g + 46. Calculate the remainder when g is divided by 13.
8
Suppose l + 48 = 70. What is the remainder when 33 is divided by l?
11
Suppose 5*g - 3 = 2. Let f = 18 + -10. What is the remainder when -3*g + -3 + 28 is divided by f?
6
Let o = 8 - -11. Let i = -1 + 11. Calculate the remainder when o is divided by i.
9
Suppose 4*a = 3*d + 61 - 16, 0 = 3*a + 2*d - 21. Suppose 3 = u, 2*u + u = -c + 33. Calculate the remainder when c is divided by a.
6
Let b = 26 - 16. Let f(x) = -x**3 + 8*x**2 - 10*x - 7. Calculate the remainder when f(5) is divided by b.
8
Let o(m) = -5*m**2 + m - 1. Let p be o(3). Let q = p - -93. Calculate the remainder when q is divided by 17.
16
Let f = -7 + 2. Let n = f - -2. Calculate the remainder when (-364)/(-12) - 2/n is divided by 11.
9
Suppose -5*m + 253 = 38. Calculate the remainder when m is divided by 12.
7
Let m(h) = -h**2 + 9*h + 5. Let p be m(8). Let s = p - 7. Calculate the remainder when 17 is divided by s.
5
Suppose 10*v + 665 = 29*v. What is the remainder when 119 is divided by v?
14
Suppose t - 14 = 3. Calculate the remainder when 50 is divided by t.
16
Suppose 0 = 4*n - 0*n - 16. Let o(h) = 20*h + 6. Calculate the remainder when o(n) is divided by 22.
20
Calculate the remainder when 16 is divided by 8 - 3/(-2 - 1).
7
Let s(p) = -p + 3. Let w = -27 + 53. What is the remainder when w is divided by s(-11)?
12
Let k be -52*(1 - 1/4). Let x = -28 - k. What is the remainder when 21 is divided by x?
10
Let s(a) = -a**3 + 7*a**2 - 4*a - 1. Let f = -154 + 234. What is the remainder when f/6*(-24)/(-10) is divided by s(6)?
10
Suppose 2*w = -2*v - 6, 0 = -4*v + 3*w - 2*w + 8. Let p = 2 - -9. Calculate the remainder when p is divided by v/((-1)/(-4) + 0).
3
Calculate the remainder when 19 is divided by (-1)/(12/15 - 1).
4
Suppose 3*v = -v + 2*t + 12, -t + 2 = 2*v. Suppose 0 = -2*m - 3*m + 5. Calculate the remainder when v is divided by m.
0
Calculate the remainder when 36 is divided by (-1 - (28 - 3))/(-2).
10
Let n(i) = i**2 + 11*i + 41. Calculate the remainder when 166 is divided by n(-7).
10
Let q(l) = -l**3 - 3*l**2 + l + 9. What is the remainder when 79 is divided by q(-4)?
16
Let f(j) = -j**3 - 2*j**2 + 3*j + 5. Let v be f(-3). Suppose 8 = v*w - 22. Calculate the remainder when 11 is divided by w.
5
Let q = -18 + 23. Let b = 2 - 0. Calculate the remainder when q is divided by b.
1
Suppose 0 + 78 = 2*h. Calculate the remainder when h is divided by 21.
18
Let r(o) = -o**2 - 12*o - 8. Let u be r(-9). Suppose 3*x - u = -1. What is the remainder when 17 is divided by x?
5
Calculate the remainder when 98 is divided by ((-4)/6)/((-6)/225).
23
Let z = -4 - -151. Calculate the remainder when z is divided by 37.
36
Suppose 5*d = i + 40, 2*d - 7*i + 12*i = -11. What is the remainder when 32 is divided by d?
4
Suppose -4*t + 0*t - 60 = 0. Let j = 21 + t. Calculate the remainder when 22 is divided by j.
4
Suppose 5*t + 4*a = 114, 4*a + 0*a - 4 = 0. Suppose 0 = 5*y - 5*l - 5, 40*y = 39*y - l + 9. Calculate the remainder when t is divided by y.
2
Let a(o) = -o**3 - 7*o**2 - o - 1. Let n be a(-7). Suppose -3*m - 6 = -0, 2*f + 12 = -4*m. What is the remainder when 31 is divided by -3 - n*-2 - f?
9
Let t = 152 + -83. Calculate the remainder when t is divided by 10.
9
Suppose 2*j = -0*j + 18. Let b(c) = c**3 + 6*c**2 + 7*c + 13. Calculate the remainder when j is divided by b(-5).
0
Let m = 42 - 27. Calculate the remainder when m is divided by 9.
6
Suppose 3*z = 2*z + 22. What is the remainder when z is divided by (-48)/18*(-2 + -1)?
6
Let u = -19 + 15. Let b = 0 - u. Calculate the remainder when 9 is divided by b.
1
Let l = 7 + -8. What is the remainder when 105/(-10)*l*2 is divided by 8?
5
Suppose -21 = -3*d + 3. What is the remainder when 30 is divided by d?
6
Let u = 9 + 60. Calculate the remainder when u is divided by 24.
21
Let m(y) = -11*y**3 + y + 1. Suppose 76 = -19*q + 21*q - 2*h, -4*q = 2*h - 176. Calculate the remainder when q is divided by m(-1).
9
What is the remainder when (-2)/7 + (-3544)/(-56) is divided by 33?
30
Let w(p) = -3 - 9*p - p - p - 3*p. What is the remainder when w(-4) is divided by 18?
17
Let d = -93 - -110. Calculate the remainder when 67 is divided by d.
16
Suppose 5*r + 2 + 2 = -4*k, 3*r - k = -16. Calculate the remainder when r/(-2 + (-96)/(-50)) is divided by 26.
24
Let w = 3 - 10. Let p = w - -15. What is the remainder when p is divided by 3?
2
Let n be 15/(-2) + 12/8. Let q = -2 - n. Suppose z = r + r + 17, -r + 104 = q*z. What is the remainder when z is divided by 13?
12
Let n(s) = s**2 + 2*s - 2. Suppose 15 = 2*r + r. Suppose r*y - 5*h - 5 = 0, 3*y + 5*h = 7*y - 3. What is the remainder when n(-4) is divided by y?
0
Let w(q) be the first derivative of -5*q**2/2 - 28*q - 8. What is the remainder when w(-19) is divided by 14?
11
Suppose i - 4 = -1. Let o = 16 - 11. What is the remainder when -3 - (i + 9)*-1 is divided by o?
4
Suppose 0 = -3*v - 2*v + 270. Calculate the remainder when v is divided by 21.
12
Let d be -4 + 5 - (-1 + 4). Calculate the remainder when 109 is divided by (-2)/4 + (-57)/d.
25
Calculate the remainder when 2/(-8) + 233/4 is divided by 15.
13
Let h = 6 - 6. Suppose h = -5*z + 22 + 3. Suppose 0 - 2 = -2*s - u, -5*u = 5*s + z. What is the remainder when 3 is divided by s?
0
Let v be 1 + 0 - 2 - 2. Let h be v*(-1 - 1/3). Suppose -h*j - j = -45. What is the remainder when 26 is divided by j?
8
Let p(q) = 2*q**3 - q - 2*q**2 - 4*q**3 + 0*q**3. Let n = -16 + 14. What is the remainder when 18 is divided by p(n)?
8
Suppose -6*n - 5*n + 121 = 0. Suppose -4*r = -6 + 14. Let l = 44 + r. Calculate the remainder when l is divided by n.
9
Suppose -3*d + 25 = -4*f, -3*d - 2*f + 59 = 2*d. Let z(a) = -31*a - 1. Calculate the remainder when z(-1) is divided by d.
8
Let v = 3 + -3. Let j = 6 + -3. Suppose -5*f - 4*w + 21 = v, j*w = f + w + 7. Calculate the remainder when f is divided by 1.
0
Suppose 3*t + 17 = 68. Calculate the remainder when 67 is divided by t.
16
Suppose 0 = -3*h - h. Supp